Last updated on 2024-05-04 01:49:00 CEST.
Flavor | Version | Tinstall | Tcheck | Ttotal | Status | Flags |
---|---|---|---|---|---|---|
r-devel-linux-x86_64-debian-clang | 4.4.16 | 254.83 | 448.08 | 702.91 | OK | |
r-devel-linux-x86_64-fedora-clang | 4.4.16 | 825.89 | NOTE | |||
r-devel-linux-x86_64-fedora-gcc | 4.4.16 | 845.40 | OK | |||
r-devel-windows-x86_64 | 4.4.16 | 165.00 | 309.00 | 474.00 | NOTE | |
r-patched-linux-x86_64 | 4.4.16 | 168.81 | 411.22 | 580.03 | OK | |
r-release-linux-x86_64 | 4.4.16 | 171.59 | 407.30 | 578.89 | OK | |
r-release-macos-arm64 | 4.4.16 | 180.00 | NOTE | |||
r-release-windows-x86_64 | 4.4.16 | 167.00 | 300.00 | 467.00 | NOTE | |
r-oldrel-macos-arm64 | 4.4.16 | 200.00 | NOTE | |||
r-oldrel-macos-x86_64 | 4.4.16 | 340.00 | NOTE | |||
r-oldrel-windows-x86_64 | 4.4.16 | 222.00 | 418.00 | 640.00 | NOTE |
Version: 4.4.16
Check: installed package size
Result: NOTE
installed size is 5.1Mb
sub-directories of 1Mb or more:
R 2.7Mb
libs 1.0Mb
Flavors: r-devel-linux-x86_64-fedora-clang, r-devel-windows-x86_64, r-release-macos-arm64, r-release-windows-x86_64, r-oldrel-macos-arm64, r-oldrel-macos-x86_64, r-oldrel-windows-x86_64
These binaries (installable software) and packages are in development.
They may not be fully stable and should be used with caution. We make no claims about them.