Last updated on 2025-10-23 11:50:29 CEST.
Flavor | Version | Tinstall | Tcheck | Ttotal | Status | Flags |
---|---|---|---|---|---|---|
r-devel-linux-x86_64-debian-clang | 0.4.0 | 21.54 | 26.33 | 47.87 | OK | |
r-devel-linux-x86_64-debian-gcc | 0.4.0 | 15.64 | 21.33 | 36.97 | OK | |
r-devel-linux-x86_64-fedora-clang | 0.4.0 | 96.00 | -12.49 | 83.51 | OK | |
r-devel-linux-x86_64-fedora-gcc | 0.4.0 | 55.00 | 24.70 | 79.70 | OK | |
r-devel-windows-x86_64 | 0.4.0 | 32.00 | 64.00 | 96.00 | OK | |
r-patched-linux-x86_64 | 0.4.0 | 20.99 | 25.47 | 46.46 | OK | |
r-release-linux-x86_64 | 0.4.0 | 20.05 | 25.49 | 45.54 | OK | |
r-release-macos-arm64 | 0.4.0 | 9.00 | 20.00 | 29.00 | OK | |
r-release-macos-x86_64 | 0.4.0 | 19.00 | 29.00 | 48.00 | OK | |
r-release-windows-x86_64 | 0.4.0 | 32.00 | 66.00 | 98.00 | OK | |
r-oldrel-macos-arm64 | 0.4.0 | 8.00 | 34.00 | 42.00 | NOTE | |
r-oldrel-macos-x86_64 | 0.4.0 | 24.00 | 47.00 | 71.00 | NOTE | |
r-oldrel-windows-x86_64 | 0.4.0 | 37.00 | 76.00 | 113.00 | NOTE |
Version: 0.4.0
Check: installed package size
Result: NOTE
installed size is 15.8Mb
sub-directories of 1Mb or more:
include 10.1Mb
libs 5.6Mb
Flavors: r-oldrel-macos-arm64, r-oldrel-macos-x86_64, r-oldrel-windows-x86_64
These binaries (installable software) and packages are in development.
They may not be fully stable and should be used with caution. We make no claims about them.