Last updated on 2024-05-04 01:49:00 CEST.
Flavor | Version | Tinstall | Tcheck | Ttotal | Status | Flags |
---|---|---|---|---|---|---|
r-devel-linux-x86_64-debian-clang | 0.6.0 | 2.56 | 66.01 | 68.57 | NOTE | |
r-devel-linux-x86_64-fedora-clang | 0.6.0 | 60.23 | NOTE | |||
r-devel-linux-x86_64-fedora-gcc | 0.6.0 | 70.68 | NOTE | |||
r-devel-windows-x86_64 | 0.6.0 | 4.00 | 111.00 | 115.00 | NOTE | |
r-patched-linux-x86_64 | 0.6.0 | 2.23 | 62.39 | 64.62 | NOTE | |
r-release-linux-x86_64 | 0.6.0 | 1.80 | 61.58 | 63.38 | NOTE | |
r-release-macos-arm64 | 0.6.0 | 44.00 | NOTE | |||
r-release-windows-x86_64 | 0.6.0 | 3.00 | 107.00 | 110.00 | NOTE | |
r-oldrel-macos-arm64 | 0.6.0 | 44.00 | NOTE | |||
r-oldrel-macos-x86_64 | 0.6.0 | 70.00 | NOTE | |||
r-oldrel-windows-x86_64 | 0.6.0 | 3.00 | 109.00 | 112.00 | NOTE |
Version: 0.6.0
Check: LazyData
Result: NOTE
'LazyData' is specified without a 'data' directory
Flavors: r-devel-linux-x86_64-debian-clang, r-devel-linux-x86_64-fedora-clang, r-devel-linux-x86_64-fedora-gcc, r-devel-windows-x86_64, r-patched-linux-x86_64, r-release-linux-x86_64, r-release-macos-arm64, r-release-windows-x86_64, r-oldrel-macos-arm64, r-oldrel-macos-x86_64, r-oldrel-windows-x86_64
Version: 0.6.0
Check: dependencies in R code
Result: NOTE
Namespace in Imports field not imported from: ‘utils’
All declared Imports should be used.
Flavors: r-devel-linux-x86_64-fedora-clang, r-devel-linux-x86_64-fedora-gcc
These binaries (installable software) and packages are in development.
They may not be fully stable and should be used with caution. We make no claims about them.