CRAN Package Check Results for Package spantest

Last updated on 2025-10-23 17:51:03 CEST.

Flavor Version Tinstall Tcheck Ttotal Status Flags
r-devel-linux-x86_64-debian-clang 1.1-3 2.30 25.82 28.12 OK
r-devel-linux-x86_64-debian-gcc 1.1-3 1.41 20.01 21.42 OK
r-devel-linux-x86_64-fedora-clang 1.1-3 11.00 31.93 42.93 NOTE
r-devel-linux-x86_64-fedora-gcc 1.1-3 39.56 NOTE
r-devel-windows-x86_64 1.1-3 4.00 44.00 48.00 OK
r-patched-linux-x86_64 1.1-3 2.11 24.06 26.17 OK
r-release-linux-x86_64 1.1-3 2.43 24.33 26.76 OK
r-release-macos-arm64 1.1-3 1.00 16.00 17.00 OK
r-release-macos-x86_64 1.1-3 2.00 36.00 38.00 OK
r-release-windows-x86_64 1.1-3 4.00 57.00 61.00 OK
r-oldrel-macos-arm64 1.1-3 1.00 20.00 21.00 OK
r-oldrel-macos-x86_64 1.1-3 2.00 31.00 33.00 OK
r-oldrel-windows-x86_64 1.1-3 4.00 50.00 54.00 OK

Check Details

Version: 1.1-3
Check: dependencies in R code
Result: NOTE Namespace in Imports field not imported from: ‘Rdpack’ All declared Imports should be used. Flavors: r-devel-linux-x86_64-fedora-clang, r-devel-linux-x86_64-fedora-gcc

These binaries (installable software) and packages are in development.
They may not be fully stable and should be used with caution. We make no claims about them.