Last updated on 2024-05-04 01:49:00 CEST.
Flavor | Version | Tinstall | Tcheck | Ttotal | Status | Flags |
---|---|---|---|---|---|---|
r-devel-linux-x86_64-debian-clang | 0.1.0 | 3.19 | 112.05 | 115.24 | NOTE | |
r-devel-linux-x86_64-fedora-clang | 0.1.0 | 149.89 | NOTE | |||
r-devel-linux-x86_64-fedora-gcc | 0.1.0 | 201.43 | NOTE | |||
r-devel-windows-x86_64 | 0.1.0 | 3.00 | 108.00 | 111.00 | NOTE | |
r-patched-linux-x86_64 | 0.1.0 | 3.11 | 141.21 | 144.32 | NOTE | |
r-release-linux-x86_64 | 0.1.0 | 2.89 | 136.94 | 139.83 | NOTE | |
r-release-macos-arm64 | 0.1.0 | 58.00 | NOTE | |||
r-release-windows-x86_64 | 0.1.0 | 4.00 | 106.00 | 110.00 | NOTE | |
r-oldrel-macos-arm64 | 0.1.0 | 62.00 | NOTE | |||
r-oldrel-macos-x86_64 | 0.1.0 | 116.00 | NOTE | |||
r-oldrel-windows-x86_64 | 0.1.0 | 3.00 | 120.00 | 123.00 | NOTE |
Version: 0.1.0
Check: LazyData
Result: NOTE
'LazyData' is specified without a 'data' directory
Flavors: r-devel-linux-x86_64-debian-clang, r-devel-linux-x86_64-fedora-clang, r-devel-linux-x86_64-fedora-gcc, r-devel-windows-x86_64, r-patched-linux-x86_64, r-release-linux-x86_64, r-release-macos-arm64, r-release-windows-x86_64, r-oldrel-macos-arm64, r-oldrel-macos-x86_64, r-oldrel-windows-x86_64
These binaries (installable software) and packages are in development.
They may not be fully stable and should be used with caution. We make no claims about them.