Last updated on 2024-05-04 01:49:00 CEST.
Flavor | Version | Tinstall | Tcheck | Ttotal | Status | Flags |
---|---|---|---|---|---|---|
r-devel-linux-x86_64-debian-clang | 0.1.0 | 94.53 | 86.30 | 180.83 | NOTE | |
r-devel-linux-x86_64-fedora-clang | 0.1.0 | 250.63 | NOTE | |||
r-devel-linux-x86_64-fedora-gcc | 0.1.0 | 235.33 | NOTE | |||
r-devel-windows-x86_64 | 0.1.0 | 75.00 | 95.00 | 170.00 | NOTE | |
r-patched-linux-x86_64 | 0.1.0 | 88.58 | 78.67 | 167.25 | NOTE | |
r-release-linux-x86_64 | 0.1.0 | 88.15 | 81.64 | 169.79 | NOTE | |
r-release-macos-arm64 | 0.1.0 | 52.00 | NOTE | |||
r-release-windows-x86_64 | 0.1.0 | 75.00 | 94.00 | 169.00 | NOTE | |
r-oldrel-macos-arm64 | 0.1.0 | 62.00 | NOTE | |||
r-oldrel-macos-x86_64 | 0.1.0 | 104.00 | NOTE | |||
r-oldrel-windows-x86_64 | 0.1.0 | 90.00 | 115.00 | 205.00 | NOTE |
Version: 0.1.0
Check: C++ specification
Result: NOTE
Specified C++11: please drop specification unless essential
Flavors: r-devel-linux-x86_64-debian-clang, r-devel-linux-x86_64-fedora-clang, r-devel-linux-x86_64-fedora-gcc, r-devel-windows-x86_64, r-patched-linux-x86_64, r-release-linux-x86_64, r-release-macos-arm64, r-release-windows-x86_64, r-oldrel-macos-arm64, r-oldrel-macos-x86_64, r-oldrel-windows-x86_64
These binaries (installable software) and packages are in development.
They may not be fully stable and should be used with caution. We make no claims about them.