Last updated on 2024-05-04 01:49:00 CEST.
Flavor | Version | Tinstall | Tcheck | Ttotal | Status | Flags |
---|---|---|---|---|---|---|
r-devel-linux-x86_64-debian-clang | 0.2.5 | 252.35 | 40.32 | 292.67 | NOTE | |
r-devel-linux-x86_64-fedora-clang | 0.2.5 | 401.59 | NOTE | |||
r-devel-linux-x86_64-fedora-gcc | 0.2.5 | 469.89 | NOTE | |||
r-devel-windows-x86_64 | 0.2.5 | 194.00 | 94.00 | 288.00 | NOTE | |
r-patched-linux-x86_64 | 0.2.5 | 261.09 | 37.88 | 298.97 | NOTE | |
r-release-linux-x86_64 | 0.2.5 | 259.00 | 37.52 | 296.52 | NOTE | |
r-release-macos-arm64 | 0.2.5 | 86.00 | NOTE | |||
r-release-macos-x86_64 | 0.2.5 | 95.00 | NOTE | |||
r-release-windows-x86_64 | 0.2.5 | 186.00 | 90.00 | 276.00 | NOTE | |
r-oldrel-macos-arm64 | 0.2.5 | 89.00 | NOTE | |||
r-oldrel-macos-x86_64 | 0.2.5 | 107.00 | NOTE | |||
r-oldrel-windows-x86_64 | 0.2.5 | 234.00 | 98.00 | 332.00 | NOTE |
Version: 0.2.5
Check: C++ specification
Result: NOTE
Specified C++14: please drop specification unless essential
Flavors: r-devel-linux-x86_64-debian-clang, r-devel-linux-x86_64-fedora-clang, r-devel-linux-x86_64-fedora-gcc, r-devel-windows-x86_64, r-patched-linux-x86_64, r-release-linux-x86_64, r-release-macos-arm64, r-release-macos-x86_64, r-release-windows-x86_64, r-oldrel-macos-arm64, r-oldrel-macos-x86_64, r-oldrel-windows-x86_64
Version: 0.2.5
Check: installed package size
Result: NOTE
installed size is 13.0Mb
sub-directories of 1Mb or more:
doc 1.2Mb
libs 11.5Mb
Flavors: r-release-macos-arm64, r-release-macos-x86_64, r-oldrel-macos-arm64, r-oldrel-macos-x86_64
These binaries (installable software) and packages are in development.
They may not be fully stable and should be used with caution. We make no claims about them.