Last updated on 2025-11-25 14:50:28 CET.
| Flavor | Version | Tinstall | Tcheck | Ttotal | Status | Flags |
|---|---|---|---|---|---|---|
| r-devel-linux-x86_64-debian-clang | 3.6-1 | 61.13 | 387.97 | 449.10 | OK | |
| r-devel-linux-x86_64-debian-gcc | 3.6-1 | 43.66 | 258.58 | 302.24 | OK | |
| r-devel-linux-x86_64-fedora-clang | 3.6-1 | 332.00 | 409.25 | 741.25 | OK | |
| r-devel-linux-x86_64-fedora-gcc | 3.6-1 | 139.00 | 541.75 | 680.75 | OK | |
| r-devel-windows-x86_64 | 3.6-0 | 102.00 | 485.00 | 587.00 | OK | |
| r-patched-linux-x86_64 | 3.6-0 | 73.47 | 335.32 | 408.79 | OK | |
| r-release-linux-x86_64 | 3.6-1 | 64.59 | 336.17 | 400.76 | OK | |
| r-release-macos-arm64 | 3.6-1 | 13.00 | 75.00 | 88.00 | OK | |
| r-release-macos-x86_64 | 3.6-1 | 39.00 | 337.00 | 376.00 | OK | |
| r-release-windows-x86_64 | 3.6-0 | 87.00 | 518.00 | 605.00 | OK | |
| r-oldrel-macos-arm64 | 3.6-1 | 15.00 | 80.00 | 95.00 | NOTE | |
| r-oldrel-macos-x86_64 | 3.6-1 | 95.00 | 363.00 | 458.00 | NOTE | |
| r-oldrel-windows-x86_64 | 3.6-1 | 105.00 | 467.00 | 572.00 | OK |
Version: 3.6-1
Check: installed package size
Result: NOTE
installed size is 5.3Mb
sub-directories of 1Mb or more:
R 2.0Mb
help 2.1Mb
Flavors: r-oldrel-macos-arm64, r-oldrel-macos-x86_64
These binaries (installable software) and packages are in development.
They may not be fully stable and should be used with caution. We make no claims about them.