Last updated on 2024-05-04 01:49:00 CEST.
Flavor | Version | Tinstall | Tcheck | Ttotal | Status | Flags |
---|---|---|---|---|---|---|
r-devel-linux-x86_64-debian-clang | 5.0-1 | 12.26 | 179.29 | 191.55 | NOTE | |
r-devel-linux-x86_64-fedora-clang | 5.0-1 | 229.27 | NOTE | |||
r-devel-linux-x86_64-fedora-gcc | 5.0-1 | 218.79 | NOTE | |||
r-devel-windows-x86_64 | 5.0-1 | 12.00 | 154.00 | 166.00 | NOTE | |
r-patched-linux-x86_64 | 5.0-1 | 9.57 | 167.44 | 177.01 | NOTE | |
r-release-linux-x86_64 | 5.0-1 | 10.19 | 169.79 | 179.98 | NOTE | |
r-release-macos-arm64 | 5.0-1 | 59.00 | NOTE | |||
r-release-windows-x86_64 | 5.0-1 | 12.00 | 152.00 | 164.00 | NOTE | |
r-oldrel-macos-arm64 | 5.0-1 | 71.00 | NOTE | |||
r-oldrel-macos-x86_64 | 5.0-1 | 116.00 | NOTE | |||
r-oldrel-windows-x86_64 | 5.0-1 | 18.00 | 176.00 | 194.00 | NOTE |
Version: 5.0-1
Check: package dependencies
Result: NOTE
Depends: includes the non-default packages:
'spatstat.data', 'spatstat.sparse', 'spatstat.geom',
'spatstat.random', 'spatstat.explore', 'spatstat.model', 'spatstat'
Adding so many packages to the search path is excessive and importing
selectively is preferable.
Flavors: r-devel-linux-x86_64-debian-clang, r-devel-linux-x86_64-fedora-clang, r-devel-linux-x86_64-fedora-gcc, r-devel-windows-x86_64, r-patched-linux-x86_64, r-release-linux-x86_64, r-release-macos-arm64, r-release-windows-x86_64, r-oldrel-macos-arm64, r-oldrel-macos-x86_64, r-oldrel-windows-x86_64
These binaries (installable software) and packages are in development.
They may not be fully stable and should be used with caution. We make no claims about them.