Last updated on 2024-05-04 01:49:00 CEST.
Flavor | Version | Tinstall | Tcheck | Ttotal | Status | Flags |
---|---|---|---|---|---|---|
r-devel-linux-x86_64-debian-clang | 3.2-11 | 41.95 | 541.74 | 583.69 | NOTE | |
r-devel-linux-x86_64-fedora-clang | 3.2-11 | 725.01 | NOTE | |||
r-devel-linux-x86_64-fedora-gcc | 3.2-11 | 679.53 | NOTE | |||
r-devel-windows-x86_64 | 3.2-11 | 47.00 | 494.00 | 541.00 | NOTE | |
r-patched-linux-x86_64 | 3.2-11 | 65.94 | 509.36 | 575.30 | NOTE | |
r-release-linux-x86_64 | 3.2-11 | 43.47 | 532.87 | 576.34 | NOTE | |
r-release-macos-arm64 | 3.2-11 | 181.00 | NOTE | |||
r-release-macos-x86_64 | 3.2-11 | 608.00 | NOTE | |||
r-release-windows-x86_64 | 3.2-11 | 44.00 | 476.00 | 520.00 | NOTE | |
r-oldrel-macos-arm64 | 3.2-11 | 181.00 | NOTE | |||
r-oldrel-macos-x86_64 | 3.2-11 | 470.00 | NOTE | |||
r-oldrel-windows-x86_64 | 3.2-11 | 60.00 | 626.00 | 686.00 | NOTE |
Version: 3.2-11
Check: package dependencies
Result: NOTE
Depends: includes the non-default packages:
'spatstat.data', 'spatstat.geom', 'spatstat.random',
'spatstat.explore', 'nlme', 'rpart'
Adding so many packages to the search path is excessive and importing
selectively is preferable.
Flavors: r-devel-linux-x86_64-debian-clang, r-devel-linux-x86_64-fedora-clang, r-devel-linux-x86_64-fedora-gcc, r-devel-windows-x86_64, r-patched-linux-x86_64, r-release-linux-x86_64, r-release-macos-arm64, r-release-macos-x86_64, r-release-windows-x86_64, r-oldrel-macos-arm64, r-oldrel-macos-x86_64, r-oldrel-windows-x86_64
These binaries (installable software) and packages are in development.
They may not be fully stable and should be used with caution. We make no claims about them.