Last updated on 2024-05-04 01:49:00 CEST.
Flavor | Version | Tinstall | Tcheck | Ttotal | Status | Flags |
---|---|---|---|---|---|---|
r-devel-linux-x86_64-debian-clang | 2.1.1 | 5.39 | 44.94 | 50.33 | OK | |
r-devel-linux-x86_64-fedora-clang | 2.1.1 | 61.18 | NOTE | |||
r-devel-linux-x86_64-fedora-gcc | 2.1.1 | 58.97 | NOTE | |||
r-devel-windows-x86_64 | 2.1.1 | 6.00 | 58.00 | 64.00 | OK | |
r-patched-linux-x86_64 | 2.1.1 | 5.17 | 43.23 | 48.40 | OK | |
r-release-linux-x86_64 | 2.1.1 | 5.88 | 43.36 | 49.24 | OK | |
r-release-macos-arm64 | 2.1.1 | 21.00 | OK | |||
r-release-windows-x86_64 | 2.1.1 | 7.00 | 57.00 | 64.00 | OK | |
r-oldrel-macos-arm64 | 2.1.1 | 24.00 | OK | |||
r-oldrel-macos-x86_64 | 2.1.1 | 33.00 | OK | |||
r-oldrel-windows-x86_64 | 2.1.1 | 9.00 | 62.00 | 71.00 | OK |
Version: 2.1.1
Check: compiled code
Result: NOTE
File ‘spcr/libs/spcr.so’:
Found no calls to: ‘R_registerRoutines’, ‘R_useDynamicSymbols’
It is good practice to register native routines and to disable symbol
search.
See ‘Writing portable packages’ in the ‘Writing R Extensions’ manual.
Flavors: r-devel-linux-x86_64-fedora-clang, r-devel-linux-x86_64-fedora-gcc
These binaries (installable software) and packages are in development.
They may not be fully stable and should be used with caution. We make no claims about them.