Last updated on 2025-10-23 17:51:04 CEST.
| Flavor | Version | Tinstall | Tcheck | Ttotal | Status | Flags |
|---|---|---|---|---|---|---|
| r-devel-linux-x86_64-debian-clang | 0.9.2 | 2.38 | 27.90 | 30.28 | NOTE | |
| r-devel-linux-x86_64-debian-gcc | 0.9.2 | 1.77 | 21.65 | 23.42 | OK | |
| r-devel-linux-x86_64-fedora-clang | 0.9.2 | 46.39 | OK | |||
| r-devel-linux-x86_64-fedora-gcc | 0.9.2 | 43.23 | OK | |||
| r-devel-windows-x86_64 | 0.9.2 | 3.00 | 45.00 | 48.00 | OK | |
| r-patched-linux-x86_64 | 0.9.2 | 2.45 | 26.28 | 28.73 | OK | |
| r-release-linux-x86_64 | 0.9.2 | 2.39 | 26.47 | 28.86 | OK | |
| r-release-macos-arm64 | 0.9.2 | 2.00 | 17.00 | 19.00 | OK | |
| r-release-macos-x86_64 | 0.9.2 | 2.00 | 34.00 | 36.00 | OK | |
| r-release-windows-x86_64 | 0.9.2 | 4.00 | 46.00 | 50.00 | OK | |
| r-oldrel-macos-arm64 | 0.9.2 | 1.00 | 23.00 | 24.00 | OK | |
| r-oldrel-macos-x86_64 | 0.9.2 | 3.00 | 33.00 | 36.00 | OK | |
| r-oldrel-windows-x86_64 | 0.9.2 | 3.00 | 52.00 | 55.00 | OK |
Version: 0.9.2
Check: HTML version of manual
Result: NOTE
Found the following HTML validation problems:
fosr_vs.html:63:1 (fosr_vs.Rd:23): Warning: missing </ul> before </div>
Flavor: r-devel-linux-x86_64-debian-clang
These binaries (installable software) and packages are in development.
They may not be fully stable and should be used with caution. We make no claims about them.