Last updated on 2024-05-04 01:49:00 CEST.
Flavor | Version | Tinstall | Tcheck | Ttotal | Status | Flags |
---|---|---|---|---|---|---|
r-devel-linux-x86_64-debian-clang | 1.0-4 | 10.93 | 54.69 | 65.62 | NOTE | |
r-devel-linux-x86_64-fedora-clang | 1.0-4 | 82.43 | NOTE | |||
r-devel-linux-x86_64-fedora-gcc | 1.0-4 | 79.25 | NOTE | |||
r-devel-windows-x86_64 | 1.0-4 | 7.00 | 80.00 | 87.00 | NOTE | |
r-patched-linux-x86_64 | 1.0-4 | 10.25 | 50.82 | 61.07 | NOTE | |
r-release-linux-x86_64 | 1.0-4 | 7.42 | 52.63 | 60.05 | NOTE | |
r-release-macos-arm64 | 1.0-4 | 34.00 | NOTE | |||
r-release-windows-x86_64 | 1.0-4 | 7.00 | 82.00 | 89.00 | NOTE | |
r-oldrel-macos-arm64 | 1.0-4 | 41.00 | OK | |||
r-oldrel-macos-x86_64 | 1.0-4 | 79.00 | OK | |||
r-oldrel-windows-x86_64 | 1.0-4 | 7.00 | 93.00 | 100.00 | OK |
Version: 1.0-4
Check: Rd files
Result: NOTE
checkRd: (-1) cylinder.counts.Rd:61-62: Lost braces
61 | nucleotide, so that \code{a.c} represents the set {\code{aac}, \code{acc},
| ^
Flavors: r-devel-linux-x86_64-debian-clang, r-devel-linux-x86_64-fedora-clang, r-devel-linux-x86_64-fedora-gcc, r-devel-windows-x86_64, r-patched-linux-x86_64, r-release-linux-x86_64, r-release-macos-arm64, r-release-windows-x86_64
These binaries (installable software) and packages are in development.
They may not be fully stable and should be used with caution. We make no claims about them.