Last updated on 2024-05-04 01:49:00 CEST.
Flavor | Version | Tinstall | Tcheck | Ttotal | Status | Flags |
---|---|---|---|---|---|---|
r-devel-linux-x86_64-debian-clang | 0.0-7 | 199.86 | 108.22 | 308.08 | OK | |
r-devel-linux-x86_64-fedora-clang | 0.0-7 | 374.81 | OK | |||
r-devel-linux-x86_64-fedora-gcc | 0.0-7 | 407.04 | OK | |||
r-devel-windows-x86_64 | 0.0-7 | 160.00 | 123.00 | 283.00 | OK | |
r-patched-linux-x86_64 | 0.0-7 | 210.04 | 101.51 | 311.55 | OK | |
r-release-linux-x86_64 | 0.0-7 | 218.60 | 103.64 | 322.24 | OK | |
r-release-macos-arm64 | 0.0-7 | 104.00 | NOTE | |||
r-release-windows-x86_64 | 0.0-7 | 158.00 | 120.00 | 278.00 | OK | |
r-oldrel-macos-arm64 | 0.0-7 | 123.00 | NOTE | |||
r-oldrel-macos-x86_64 | 0.0-7 | 247.00 | NOTE | |||
r-oldrel-windows-x86_64 | 0.0-7 | 204.00 | 154.00 | 358.00 | OK |
Version: 0.0-7
Check: installed package size
Result: NOTE
installed size is 50.3Mb
sub-directories of 1Mb or more:
libs 50.0Mb
Flavors: r-release-macos-arm64, r-oldrel-macos-arm64, r-oldrel-macos-x86_64
These binaries (installable software) and packages are in development.
They may not be fully stable and should be used with caution. We make no claims about them.