Last updated on 2024-05-04 01:49:00 CEST.
Flavor | Version | Tinstall | Tcheck | Ttotal | Status | Flags |
---|---|---|---|---|---|---|
r-devel-linux-x86_64-debian-clang | 0.2.2 | 12.07 | 111.34 | 123.41 | NOTE | |
r-devel-linux-x86_64-fedora-clang | 0.2.2 | 153.93 | NOTE | |||
r-devel-linux-x86_64-fedora-gcc | 0.2.2 | 158.01 | NOTE | |||
r-devel-windows-x86_64 | 0.2.2 | 10.00 | 97.00 | 107.00 | NOTE | |
r-patched-linux-x86_64 | 0.2.2 | 7.66 | 107.92 | 115.58 | NOTE | |
r-release-linux-x86_64 | 0.2.2 | 6.94 | 109.04 | 115.98 | NOTE | |
r-release-macos-arm64 | 0.2.2 | 52.00 | NOTE | |||
r-release-windows-x86_64 | 0.2.2 | 11.00 | 96.00 | 107.00 | NOTE | |
r-oldrel-macos-arm64 | 0.2.2 | 56.00 | OK | |||
r-oldrel-macos-x86_64 | 0.2.2 | 88.00 | OK | |||
r-oldrel-windows-x86_64 | 0.2.2 | 14.00 | 117.00 | 131.00 | OK |
Version: 0.2.2
Check: Rd files
Result: NOTE
checkRd: (-1) standardize.Rd:94: Lost braces; missing escapes or markup?
94 | take on values {-0.5, 0, 0.5} rather than {-1, 0, 1}, the standard deviation
| ^
checkRd: (-1) standardize.Rd:94: Lost braces; missing escapes or markup?
94 | take on values {-0.5, 0, 0.5} rather than {-1, 0, 1}, the standard deviation
| ^
Flavors: r-devel-linux-x86_64-debian-clang, r-devel-linux-x86_64-fedora-clang, r-devel-linux-x86_64-fedora-gcc, r-devel-windows-x86_64, r-patched-linux-x86_64, r-release-linux-x86_64, r-release-macos-arm64, r-release-windows-x86_64
These binaries (installable software) and packages are in development.
They may not be fully stable and should be used with caution. We make no claims about them.