Last updated on 2024-05-04 01:49:00 CEST.
Flavor | Version | Tinstall | Tcheck | Ttotal | Status | Flags |
---|---|---|---|---|---|---|
r-devel-linux-x86_64-debian-clang | 1.1.10 | 10.23 | 108.92 | 119.15 | NOTE | |
r-devel-linux-x86_64-fedora-clang | 1.1.10 | 147.23 | NOTE | |||
r-devel-linux-x86_64-fedora-gcc | 1.1.10 | 141.70 | NOTE | |||
r-devel-windows-x86_64 | 1.1.10 | 12.00 | 93.00 | 105.00 | NOTE | |
r-patched-linux-x86_64 | 1.1.10 | 12.66 | 101.16 | 113.82 | NOTE | |
r-release-linux-x86_64 | 1.1.10 | 14.23 | 103.43 | 117.66 | NOTE | |
r-release-macos-arm64 | 1.1.10 | 43.00 | NOTE | |||
r-release-windows-x86_64 | 1.1.10 | 13.00 | 92.00 | 105.00 | NOTE | |
r-oldrel-macos-arm64 | 1.1.10 | 44.00 | NOTE | |||
r-oldrel-macos-x86_64 | 1.1.10 | 76.00 | NOTE | |||
r-oldrel-windows-x86_64 | 1.1.10 | 15.00 | 113.00 | 128.00 | NOTE |
Version: 1.1.10
Check: Rd files
Result: NOTE
checkRd: (-1) multiCUMSUM.Rd:33: Escaped LaTeX specials: \&
Flavors: r-devel-linux-x86_64-debian-clang, r-devel-linux-x86_64-fedora-clang, r-devel-linux-x86_64-fedora-gcc, r-devel-windows-x86_64, r-patched-linux-x86_64, r-release-linux-x86_64, r-release-macos-arm64, r-release-windows-x86_64, r-oldrel-macos-arm64, r-oldrel-macos-x86_64, r-oldrel-windows-x86_64
These binaries (installable software) and packages are in development.
They may not be fully stable and should be used with caution. We make no claims about them.