Last updated on 2024-05-04 01:49:00 CEST.
Flavor | Version | Tinstall | Tcheck | Ttotal | Status | Flags |
---|---|---|---|---|---|---|
r-devel-linux-x86_64-debian-clang | 0.9.2 | 2.14 | 23.02 | 25.16 | OK | |
r-devel-linux-x86_64-fedora-clang | 0.9.2 | 33.33 | NOTE | |||
r-devel-linux-x86_64-fedora-gcc | 0.9.2 | 31.27 | NOTE | |||
r-devel-windows-x86_64 | 0.9.2 | 3.00 | 44.00 | 47.00 | OK | |
r-patched-linux-x86_64 | 0.9.2 | 2.54 | 22.76 | 25.30 | OK | |
r-release-linux-x86_64 | 0.9.2 | 2.15 | 22.99 | 25.14 | OK | |
r-release-macos-arm64 | 0.9.2 | 15.00 | OK | |||
r-release-windows-x86_64 | 0.9.2 | 3.00 | 43.00 | 46.00 | OK | |
r-oldrel-macos-arm64 | 0.9.2 | 18.00 | OK | |||
r-oldrel-macos-x86_64 | 0.9.2 | 22.00 | OK | |||
r-oldrel-windows-x86_64 | 0.9.2 | 3.00 | 44.00 | 47.00 | OK |
Version: 0.9.2
Check: data for non-ASCII characters
Result: NOTE
Note: found 1 marked Latin-1 string
Note: found 18 marked UTF-8 strings
Flavors: r-devel-linux-x86_64-fedora-clang, r-devel-linux-x86_64-fedora-gcc
These binaries (installable software) and packages are in development.
They may not be fully stable and should be used with caution. We make no claims about them.