Last updated on 2025-10-23 21:51:42 CEST.
Flavor | Version | Tinstall | Tcheck | Ttotal | Status | Flags |
---|---|---|---|---|---|---|
r-devel-linux-x86_64-debian-clang | 0.5.0 | 88.02 | 120.43 | 208.45 | NOTE | |
r-devel-linux-x86_64-debian-gcc | 0.5.0 | 50.30 | 99.37 | 149.67 | NOTE | |
r-devel-linux-x86_64-fedora-clang | 0.5.0 | 116.00 | 225.47 | 341.47 | OK | |
r-devel-linux-x86_64-fedora-gcc | 0.5.0 | 115.00 | 221.58 | 336.58 | OK | |
r-devel-windows-x86_64 | 0.5.0 | 88.00 | 140.00 | 228.00 | OK | |
r-patched-linux-x86_64 | 0.5.0 | 82.63 | 136.74 | 219.37 | OK | |
r-release-linux-x86_64 | 0.5.0 | 78.42 | 137.85 | 216.27 | OK | |
r-release-macos-arm64 | 0.5.0 | 33.00 | 75.00 | 108.00 | OK | |
r-release-macos-x86_64 | 0.5.0 | 42.00 | 166.00 | 208.00 | OK | |
r-release-windows-x86_64 | 0.5.0 | 87.00 | 138.00 | 225.00 | OK | |
r-oldrel-macos-arm64 | 0.5.0 | 30.00 | 67.00 | 97.00 | NOTE | |
r-oldrel-macos-x86_64 | 0.5.0 | 30.00 | 95.00 | 125.00 | NOTE | |
r-oldrel-windows-x86_64 | 0.5.0 | 106.00 | 184.00 | 290.00 | OK |
Version: 0.5.0
Check: CRAN incoming feasibility
Result: NOTE
Maintainer: ‘Dylan Beijers <dylanbeijers@gmail.com>’
Package CITATION file contains call(s) to old-style citEntry(). Please
use bibentry() instead.
Flavors: r-devel-linux-x86_64-debian-clang, r-devel-linux-x86_64-debian-gcc
Version: 0.5.0
Check: installed package size
Result: NOTE
installed size is 6.8Mb
sub-directories of 1Mb or more:
libs 6.0Mb
Flavors: r-oldrel-macos-arm64, r-oldrel-macos-x86_64
These binaries (installable software) and packages are in development.
They may not be fully stable and should be used with caution. We make no claims about them.