Last updated on 2024-05-04 01:49:00 CEST.
Flavor | Version | Tinstall | Tcheck | Ttotal | Status | Flags |
---|---|---|---|---|---|---|
r-devel-linux-x86_64-debian-clang | 2.1-9 | 273.13 | 378.05 | 651.18 | OK | |
r-devel-linux-x86_64-fedora-clang | 2.1-9 | 914.96 | OK | |||
r-devel-linux-x86_64-fedora-gcc | 2.1-9 | 842.92 | OK | |||
r-devel-windows-x86_64 | 2.1-9 | 206.00 | 308.00 | 514.00 | OK | |
r-patched-linux-x86_64 | 2.1-9 | 288.98 | 341.61 | 630.59 | OK | |
r-release-linux-x86_64 | 2.1-9 | 282.81 | 354.41 | 637.22 | OK | |
r-release-macos-arm64 | 2.1-9 | 169.00 | NOTE | |||
r-release-windows-x86_64 | 2.1-9 | 207.00 | 310.00 | 517.00 | OK | |
r-oldrel-macos-arm64 | 2.1-9 | 184.00 | NOTE | |||
r-oldrel-macos-x86_64 | 2.1-9 | 376.00 | NOTE | |||
r-oldrel-windows-x86_64 | 2.1-9 | 196.00 | 427.00 | 623.00 | OK |
Version: 2.1-9
Check: installed package size
Result: NOTE
installed size is 6.0Mb
sub-directories of 1Mb or more:
libs 4.8Mb
Flavors: r-release-macos-arm64, r-oldrel-macos-arm64, r-oldrel-macos-x86_64
These binaries (installable software) and packages are in development.
They may not be fully stable and should be used with caution. We make no claims about them.