Last updated on 2024-05-04 01:49:00 CEST.
Flavor | Version | Tinstall | Tcheck | Ttotal | Status | Flags |
---|---|---|---|---|---|---|
r-devel-linux-x86_64-debian-clang | 0.9.6 | 9.48 | 168.12 | 177.60 | NOTE | |
r-devel-linux-x86_64-fedora-clang | 0.9.6 | 213.38 | NOTE | |||
r-devel-linux-x86_64-fedora-gcc | 0.9.6 | 221.91 | NOTE | |||
r-devel-windows-x86_64 | 0.9.6 | 8.00 | 161.00 | 169.00 | NOTE | |
r-patched-linux-x86_64 | 0.9.6 | 8.90 | 156.70 | 165.60 | NOTE | |
r-release-linux-x86_64 | 0.9.6 | 6.83 | 156.66 | 163.49 | NOTE | |
r-release-macos-arm64 | 0.9.6 | 62.00 | NOTE | |||
r-release-windows-x86_64 | 0.9.6 | 10.00 | 157.00 | 167.00 | NOTE | |
r-oldrel-macos-arm64 | 0.9.6 | 62.00 | OK | |||
r-oldrel-macos-x86_64 | 0.9.6 | 174.00 | OK | |||
r-oldrel-windows-x86_64 | 0.9.6 | 10.00 | 187.00 | 197.00 | OK |
Version: 0.9.6
Check: Rd files
Result: NOTE
checkRd: (-1) docker_config_collection.Rd:11: Lost braces; missing escapes or markup?
11 | \Sexpr[results=rd,stage=render]{stevedore:::generate_help("config")}
| ^
checkRd: (-1) docker_container.Rd:13: Lost braces
13 | \Sexpr[results=rd,stage=render]{stevedore:::generate_help("docker_container")}
| ^
checkRd: (-1) docker_image_collection.Rd:11: Lost braces
11 | \Sexpr[results=rd,stage=render]{stevedore:::generate_help("image")}
| ^
checkRd: (-1) docker_plugin_collection.Rd:11: Lost braces
11 | \Sexpr[results=rd,stage=render]{stevedore:::generate_help("plugin")}
| ^
checkRd: (-1) docker_service_collection.Rd:11: Lost braces
11 | \Sexpr[results=rd,stage=render]{stevedore:::generate_help("service")}
| ^
checkRd: (-1) docker_task.Rd:13: Lost braces
13 | \Sexpr[results=rd,stage=render]{stevedore:::generate_help("docker_task")}
| ^
Flavors: r-devel-linux-x86_64-debian-clang, r-devel-linux-x86_64-fedora-clang, r-devel-linux-x86_64-fedora-gcc, r-devel-windows-x86_64, r-patched-linux-x86_64, r-release-linux-x86_64, r-release-macos-arm64, r-release-windows-x86_64
These binaries (installable software) and packages are in development.
They may not be fully stable and should be used with caution. We make no claims about them.