Last updated on 2024-05-04 01:49:00 CEST.
Flavor | Version | Tinstall | Tcheck | Ttotal | Status | Flags |
---|---|---|---|---|---|---|
r-devel-linux-x86_64-debian-clang | 0.5.1 | 38.85 | 43.71 | 82.56 | NOTE | |
r-devel-linux-x86_64-fedora-clang | 0.5.1 | 116.63 | NOTE | |||
r-devel-linux-x86_64-fedora-gcc | 0.5.1 | 105.93 | NOTE | |||
r-devel-windows-x86_64 | 0.5.1 | 30.00 | 65.00 | 95.00 | NOTE | |
r-patched-linux-x86_64 | 0.5.1 | 33.32 | 40.86 | 74.18 | NOTE | |
r-release-linux-x86_64 | 0.5.1 | 34.57 | 39.95 | 74.52 | NOTE | |
r-release-macos-arm64 | 0.5.1 | 27.00 | NOTE | |||
r-release-windows-x86_64 | 0.5.1 | 29.00 | 68.00 | 97.00 | NOTE | |
r-oldrel-macos-arm64 | 0.5.1 | 32.00 | NOTE | |||
r-oldrel-macos-x86_64 | 0.5.1 | 48.00 | NOTE | |||
r-oldrel-windows-x86_64 | 0.5.1 | 37.00 | 78.00 | 115.00 | NOTE |
Version: 0.5.1
Check: LazyData
Result: NOTE
'LazyData' is specified without a 'data' directory
Flavors: r-devel-linux-x86_64-debian-clang, r-devel-linux-x86_64-fedora-clang, r-devel-linux-x86_64-fedora-gcc, r-devel-windows-x86_64, r-patched-linux-x86_64, r-release-linux-x86_64, r-release-macos-arm64, r-release-windows-x86_64, r-oldrel-macos-arm64, r-oldrel-macos-x86_64, r-oldrel-windows-x86_64
Version: 0.5.1
Check: compiled code
Result: NOTE
File ‘stlplus/libs/stlplus.so’:
Found no calls to: ‘R_registerRoutines’, ‘R_useDynamicSymbols’
It is good practice to register native routines and to disable symbol
search.
See ‘Writing portable packages’ in the ‘Writing R Extensions’ manual.
Flavors: r-devel-linux-x86_64-fedora-clang, r-devel-linux-x86_64-fedora-gcc
These binaries (installable software) and packages are in development.
They may not be fully stable and should be used with caution. We make no claims about them.