Last updated on 2024-05-04 01:49:00 CEST.
Flavor | Version | Tinstall | Tcheck | Ttotal | Status | Flags |
---|---|---|---|---|---|---|
r-devel-linux-x86_64-debian-clang | 3.2.4 | 158.62 | 167.72 | 326.34 | OK | |
r-devel-linux-x86_64-fedora-clang | 3.2.4 | 459.27 | OK | |||
r-devel-linux-x86_64-fedora-gcc | 3.2.4 | 463.72 | OK | |||
r-devel-windows-x86_64 | 3.2.4 | 122.00 | 226.00 | 348.00 | OK | |
r-patched-linux-x86_64 | 3.2.4 | 142.88 | 161.75 | 304.63 | OK | |
r-release-linux-x86_64 | 3.2.4 | 165.28 | 162.72 | 328.00 | OK | |
r-release-macos-arm64 | 3.2.4 | 110.00 | NOTE | |||
r-release-macos-x86_64 | 3.2.4 | 241.00 | NOTE | |||
r-release-windows-x86_64 | 3.2.4 | 115.00 | 222.00 | 337.00 | OK | |
r-oldrel-macos-arm64 | 3.2.4 | 118.00 | NOTE | |||
r-oldrel-macos-x86_64 | 3.2.4 | 247.00 | NOTE | |||
r-oldrel-windows-x86_64 | 3.2.4 | 145.00 | 293.00 | 438.00 | OK |
Version: 3.2.4
Check: installed package size
Result: NOTE
installed size is 9.2Mb
sub-directories of 1Mb or more:
doc 1.9Mb
libs 6.4Mb
Flavors: r-release-macos-arm64, r-release-macos-x86_64, r-oldrel-macos-arm64, r-oldrel-macos-x86_64
These binaries (installable software) and packages are in development.
They may not be fully stable and should be used with caution. We make no claims about them.