Last updated on 2025-07-19 13:50:27 CEST.
Flavor | Version | Tinstall | Tcheck | Ttotal | Status | Flags |
---|---|---|---|---|---|---|
r-devel-linux-x86_64-debian-clang | 1.3.4 | 43.14 | 372.09 | 415.23 | NOTE | |
r-devel-linux-x86_64-debian-gcc | 1.3.4 | 32.69 | 255.60 | 288.29 | NOTE | |
r-devel-linux-x86_64-fedora-clang | 1.3.4 | 634.89 | OK | |||
r-devel-linux-x86_64-fedora-gcc | 1.3.4 | 657.91 | OK | |||
r-devel-windows-x86_64 | 1.3.4 | 42.00 | 283.00 | 325.00 | OK | |
r-patched-linux-x86_64 | 1.3.4 | 40.97 | 348.07 | 389.04 | OK | |
r-release-linux-x86_64 | 1.3.4 | 45.19 | 346.31 | 391.50 | OK | |
r-release-macos-arm64 | 1.3.4 | 160.00 | OK | |||
r-release-macos-x86_64 | 1.3.4 | 356.00 | OK | |||
r-release-windows-x86_64 | 1.3.4 | 41.00 | 278.00 | 319.00 | OK | |
r-oldrel-macos-arm64 | 1.3.4 | 154.00 | OK | |||
r-oldrel-macos-x86_64 | 1.3.4 | 451.00 | OK | |||
r-oldrel-windows-x86_64 | 1.3.4 | 58.00 | 391.00 | 449.00 | OK |
Version: 1.3.4
Check: CRAN incoming feasibility
Result: NOTE
Maintainer: ‘Monsuru Adepeju <monsuur2010@yahoo.com>’
No Authors@R field in DESCRIPTION.
Please add one, modifying
Authors@R: person(given = "Monsuru",
family = "Adepeju",
role = c("cre", "aut"),
email = "monsuur2010@yahoo.com")
as necessary.
The BugReports field in DESCRIPTION has
https://github.com/Manalytics/stppSim/issues/new/choose
which should likely be
https://github.com/Manalytics/stppSim/issues/new/choose/issues
instead.
Flavors: r-devel-linux-x86_64-debian-clang, r-devel-linux-x86_64-debian-gcc
These binaries (installable software) and packages are in development.
They may not be fully stable and should be used with caution. We make no claims about them.