Last updated on 2024-05-04 01:49:00 CEST.
Flavor | Version | Tinstall | Tcheck | Ttotal | Status | Flags |
---|---|---|---|---|---|---|
r-devel-linux-x86_64-debian-clang | 0.2.1 | 500.02 | 38.35 | 538.37 | OK | |
r-devel-linux-x86_64-fedora-clang | 0.2.1 | 794.82 | OK | |||
r-devel-linux-x86_64-fedora-gcc | 0.2.1 | 788.74 | OK | |||
r-devel-windows-x86_64 | 0.2.1 | 347.00 | 78.00 | 425.00 | OK | |
r-patched-linux-x86_64 | 0.2.1 | 460.45 | 35.72 | 496.17 | OK | |
r-release-linux-x86_64 | 0.2.1 | 473.33 | 35.57 | 508.90 | OK | |
r-release-macos-arm64 | 0.2.1 | 117.00 | NOTE | |||
r-release-windows-x86_64 | 0.2.1 | 343.00 | 73.00 | 416.00 | OK | |
r-oldrel-macos-arm64 | 0.2.1 | 125.00 | NOTE | |||
r-oldrel-macos-x86_64 | 0.2.1 | 104.00 | NOTE | |||
r-oldrel-windows-x86_64 | 0.2.1 | 426.00 | 83.00 | 509.00 | OK |
Version: 0.2.1
Check: installed package size
Result: NOTE
installed size is 10.4Mb
sub-directories of 1Mb or more:
libs 10.2Mb
Flavors: r-release-macos-arm64, r-oldrel-macos-arm64, r-oldrel-macos-x86_64
These binaries (installable software) and packages are in development.
They may not be fully stable and should be used with caution. We make no claims about them.