Last updated on 2024-05-04 01:49:00 CEST.
Flavor | Version | Tinstall | Tcheck | Ttotal | Status | Flags |
---|---|---|---|---|---|---|
r-devel-linux-x86_64-debian-clang | 1.1.6 | 134.76 | 61.90 | 196.66 | OK | |
r-devel-linux-x86_64-fedora-clang | 1.1.6 | 251.30 | OK | |||
r-devel-linux-x86_64-fedora-gcc | 1.1.6 | 278.60 | OK | |||
r-devel-windows-x86_64 | 1.1.6 | 104.00 | 92.00 | 196.00 | NOTE | |
r-patched-linux-x86_64 | 1.1.6 | 126.74 | 63.78 | 190.52 | OK | |
r-release-linux-x86_64 | 1.1.6 | 132.62 | 60.87 | 193.49 | OK | |
r-release-macos-arm64 | 1.1.6 | 66.00 | NOTE | |||
r-release-windows-x86_64 | 1.1.6 | 96.00 | 89.00 | 185.00 | NOTE | |
r-oldrel-macos-arm64 | 1.1.6 | 91.00 | NOTE | |||
r-oldrel-macos-x86_64 | 1.1.6 | 133.00 | NOTE | |||
r-oldrel-windows-x86_64 | 1.1.6 | 125.00 | 106.00 | 231.00 | NOTE |
Version: 1.1.6
Check: C++ specification
Result: NOTE
Specified C++14: please drop specification unless essential
Flavors: r-devel-windows-x86_64, r-release-windows-x86_64, r-oldrel-windows-x86_64
Version: 1.1.6
Check: installed package size
Result: NOTE
installed size is 10.1Mb
sub-directories of 1Mb or more:
libs 8.8Mb
Flavors: r-release-macos-arm64, r-oldrel-macos-arm64, r-oldrel-macos-x86_64
These binaries (installable software) and packages are in development.
They may not be fully stable and should be used with caution. We make no claims about them.