Last updated on 2024-05-04 01:49:00 CEST.
Flavor | Version | Tinstall | Tcheck | Ttotal | Status | Flags |
---|---|---|---|---|---|---|
r-devel-linux-x86_64-debian-clang | 1.2 | 2.57 | 26.34 | 28.91 | NOTE | |
r-devel-linux-x86_64-fedora-clang | 1.2 | 35.91 | NOTE | |||
r-devel-linux-x86_64-fedora-gcc | 1.2 | 34.01 | NOTE | |||
r-devel-windows-x86_64 | 1.2 | 3.00 | 50.00 | 53.00 | NOTE | |
r-patched-linux-x86_64 | 1.2 | 2.67 | 25.72 | 28.39 | NOTE | |
r-release-linux-x86_64 | 1.2 | 2.74 | 24.98 | 27.72 | NOTE | |
r-release-macos-arm64 | 1.2 | 18.00 | NOTE | |||
r-release-windows-x86_64 | 1.2 | 3.00 | 49.00 | 52.00 | NOTE | |
r-oldrel-macos-arm64 | 1.2 | 20.00 | NOTE | |||
r-oldrel-macos-x86_64 | 1.2 | 24.00 | NOTE | |||
r-oldrel-windows-x86_64 | 1.2 | 5.00 | 50.00 | 55.00 | NOTE |
Version: 1.2
Check: LazyData
Result: NOTE
'LazyData' is specified without a 'data' directory
Flavors: r-devel-linux-x86_64-debian-clang, r-devel-linux-x86_64-fedora-clang, r-devel-linux-x86_64-fedora-gcc, r-devel-windows-x86_64, r-patched-linux-x86_64, r-release-linux-x86_64, r-release-macos-arm64, r-release-windows-x86_64, r-oldrel-macos-arm64, r-oldrel-macos-x86_64, r-oldrel-windows-x86_64
These binaries (installable software) and packages are in development.
They may not be fully stable and should be used with caution. We make no claims about them.