Last updated on 2024-05-04 01:49:01 CEST.
Flavor | Version | Tinstall | Tcheck | Ttotal | Status | Flags |
---|---|---|---|---|---|---|
r-devel-linux-x86_64-debian-clang | 1.2 | 17.47 | 126.89 | 144.36 | NOTE | |
r-devel-linux-x86_64-fedora-clang | 1.2 | 191.51 | NOTE | |||
r-devel-linux-x86_64-fedora-gcc | 1.2 | 168.95 | NOTE | |||
r-devel-windows-x86_64 | 1.2 | 15.00 | 101.00 | 116.00 | NOTE | |
r-patched-linux-x86_64 | 1.2 | 13.30 | 118.84 | 132.14 | NOTE | |
r-release-linux-x86_64 | 1.2 | 10.12 | 118.00 | 128.12 | NOTE | |
r-release-macos-arm64 | 1.2 | 50.00 | NOTE | |||
r-release-macos-x86_64 | 1.2 | 95.00 | OK | |||
r-release-windows-x86_64 | 1.2 | 14.00 | 98.00 | 112.00 | NOTE | |
r-oldrel-macos-arm64 | 1.2 | 53.00 | OK | |||
r-oldrel-macos-x86_64 | 1.2 | 50.00 | OK | |||
r-oldrel-windows-x86_64 | 1.2 | 19.00 | 170.00 | 189.00 | OK |
Version: 1.2
Check: Rd files
Result: NOTE
checkRd: (-1) BiclustSet-class.Rd:19: Lost braces
19 | \item{\code{Number}:}{code{"numeric"}, number of biclusters in the set}
| ^
Flavors: r-devel-linux-x86_64-debian-clang, r-devel-linux-x86_64-fedora-clang, r-devel-linux-x86_64-fedora-gcc, r-devel-windows-x86_64, r-patched-linux-x86_64, r-release-linux-x86_64, r-release-macos-arm64, r-release-windows-x86_64
These binaries (installable software) and packages are in development.
They may not be fully stable and should be used with caution. We make no claims about them.