Last updated on 2024-05-04 01:49:01 CEST.
Flavor | Version | Tinstall | Tcheck | Ttotal | Status | Flags |
---|---|---|---|---|---|---|
r-devel-linux-x86_64-debian-clang | 0.1.0 | 5.81 | 189.52 | 195.33 | NOTE | |
r-devel-linux-x86_64-fedora-clang | 0.1.0 | 226.21 | NOTE | |||
r-devel-linux-x86_64-fedora-gcc | 0.1.0 | 220.39 | NOTE | |||
r-devel-windows-x86_64 | 0.1.0 | 5.00 | 128.00 | 133.00 | NOTE | |
r-patched-linux-x86_64 | 0.1.0 | 4.18 | 168.89 | 173.07 | NOTE | |
r-release-linux-x86_64 | 0.1.0 | 3.65 | 170.29 | 173.94 | NOTE | |
r-release-macos-arm64 | 0.1.0 | 59.00 | NOTE | |||
r-release-windows-x86_64 | 0.1.0 | 5.00 | 125.00 | 130.00 | NOTE | |
r-oldrel-macos-arm64 | 0.1.0 | 63.00 | NOTE | |||
r-oldrel-macos-x86_64 | 0.1.0 | 103.00 | NOTE | |||
r-oldrel-windows-x86_64 | 0.1.0 | 7.00 | 166.00 | 173.00 | NOTE |
Version: 0.1.0
Check: LazyData
Result: NOTE
'LazyData' is specified without a 'data' directory
Flavors: r-devel-linux-x86_64-debian-clang, r-devel-linux-x86_64-fedora-clang, r-devel-linux-x86_64-fedora-gcc, r-devel-windows-x86_64, r-patched-linux-x86_64, r-release-linux-x86_64, r-release-macos-arm64, r-release-windows-x86_64, r-oldrel-macos-arm64, r-oldrel-macos-x86_64, r-oldrel-windows-x86_64
These binaries (installable software) and packages are in development.
They may not be fully stable and should be used with caution. We make no claims about them.