Last updated on 2024-05-04 01:49:01 CEST.
Flavor | Version | Tinstall | Tcheck | Ttotal | Status | Flags |
---|---|---|---|---|---|---|
r-devel-linux-x86_64-debian-clang | 0.5.6 | 9.75 | 136.23 | 145.98 | NOTE | |
r-devel-linux-x86_64-fedora-clang | 0.5.6 | 192.79 | NOTE | |||
r-devel-linux-x86_64-fedora-gcc | 0.5.6 | 187.56 | NOTE | |||
r-devel-windows-x86_64 | 0.5.6 | 13.00 | 125.00 | 138.00 | NOTE | |
r-patched-linux-x86_64 | 0.5.6 | 12.05 | 130.17 | 142.22 | NOTE | |
r-release-linux-x86_64 | 0.5.6 | 14.99 | 128.37 | 143.36 | NOTE | |
r-release-macos-arm64 | 0.5.6 | 57.00 | NOTE | |||
r-release-windows-x86_64 | 0.5.6 | 12.00 | 125.00 | 137.00 | NOTE | |
r-oldrel-macos-arm64 | 0.5.6 | 58.00 | OK | |||
r-oldrel-macos-x86_64 | 0.5.6 | 96.00 | OK | |||
r-oldrel-windows-x86_64 | 0.5.6 | 17.00 | 144.00 | 161.00 | OK |
Version: 0.5.6
Check: Rd files
Result: NOTE
checkRd: (-1) sf.Rd:66: Lost braces; missing escapes or markup?
66 | A {data.table} which is stored as an attribute of
| ^
Flavors: r-devel-linux-x86_64-debian-clang, r-devel-linux-x86_64-fedora-clang, r-devel-linux-x86_64-fedora-gcc, r-devel-windows-x86_64, r-patched-linux-x86_64, r-release-linux-x86_64, r-release-macos-arm64, r-release-windows-x86_64
These binaries (installable software) and packages are in development.
They may not be fully stable and should be used with caution. We make no claims about them.