Last updated on 2024-05-04 01:49:01 CEST.
Flavor | Version | Tinstall | Tcheck | Ttotal | Status | Flags |
---|---|---|---|---|---|---|
r-devel-linux-x86_64-debian-clang | 0.12.35 | 16.32 | 333.31 | 349.63 | OK | |
r-devel-linux-x86_64-fedora-clang | 0.12.35 | 440.68 | OK | |||
r-devel-linux-x86_64-fedora-gcc | 0.12.35 | 463.40 | OK | |||
r-devel-windows-x86_64 | 0.12.35 | 16.00 | 331.00 | 347.00 | OK | |
r-patched-linux-x86_64 | 0.12.35 | 13.05 | 338.45 | 351.50 | OK | |
r-release-linux-x86_64 | 0.12.35 | 16.52 | 334.56 | 351.08 | OK | |
r-release-macos-arm64 | 0.12.35 | 151.00 | OK | |||
r-release-windows-x86_64 | 0.12.35 | 17.00 | 301.00 | 318.00 | ERROR | |
r-oldrel-macos-arm64 | 0.12.35 | 162.00 | OK | |||
r-oldrel-macos-x86_64 | 0.12.35 | 365.00 | OK | |||
r-oldrel-windows-x86_64 | 0.12.35 | 20.00 | 366.00 | 386.00 | OK |
Version: 0.12.35
Check: re-building of vignette outputs
Result: ERROR
Error(s) in re-building vignettes:
--- re-building 'finemapping.Rmd' using rmarkdown
--- finished re-building 'finemapping.Rmd'
--- re-building 'finemapping_summary_statistics.Rmd' using rmarkdown
--- finished re-building 'finemapping_summary_statistics.Rmd'
--- re-building 'mwe.Rmd' using rmarkdown
--- finished re-building 'mwe.Rmd'
--- re-building 'sparse_susie_eval.Rmd' using rmarkdown
--- finished re-building 'sparse_susie_eval.Rmd'
--- re-building 'susie_refine.Rmd' using rmarkdown
Quitting from lines at lines 24-33 [unnamed-chunk-1] (susie_refine.Rmd)
Error: processing vignette 'susie_refine.Rmd' failed with diagnostics:
Recv failure: Connection was reset
--- failed re-building 'susie_refine.Rmd'
--- re-building 'susie_rss.Rmd' using rmarkdown
--- finished re-building 'susie_rss.Rmd'
--- re-building 'susierss_diagnostic.Rmd' using rmarkdown
Quitting from lines at lines 100-114 [unnamed-chunk-6] (susierss_diagnostic.Rmd)
Error: processing vignette 'susierss_diagnostic.Rmd' failed with diagnostics:
Recv failure: Connection was reset
--- failed re-building 'susierss_diagnostic.Rmd'
--- re-building 'trend_filtering.Rmd' using rmarkdown
--- finished re-building 'trend_filtering.Rmd'
--- re-building 'trendfiltering_derivations.Rnw' using Sweave
--- finished re-building 'trendfiltering_derivations.Rnw'
SUMMARY: processing the following files failed:
'susie_refine.Rmd' 'susierss_diagnostic.Rmd'
Error: Vignette re-building failed.
Execution halted
Flavor: r-release-windows-x86_64
These binaries (installable software) and packages are in development.
They may not be fully stable and should be used with caution. We make no claims about them.