Last updated on 2025-10-23 11:50:30 CEST.
Flavor | Version | Tinstall | Tcheck | Ttotal | Status | Flags |
---|---|---|---|---|---|---|
r-devel-linux-x86_64-debian-clang | 0.3.4 | 1.59 | 19.11 | 20.70 | NOTE | |
r-devel-linux-x86_64-debian-gcc | 0.3.4 | 1.37 | 15.90 | 17.27 | OK | |
r-devel-linux-x86_64-fedora-clang | 0.3.4 | 31.88 | OK | |||
r-devel-linux-x86_64-fedora-gcc | 0.3.4 | 29.59 | OK | |||
r-devel-windows-x86_64 | 0.3.4 | 4.00 | 37.00 | 41.00 | OK | |
r-patched-linux-x86_64 | 0.3.4 | 1.61 | 18.33 | 19.94 | OK | |
r-release-linux-x86_64 | 0.3.4 | 1.41 | 18.07 | 19.48 | OK | |
r-release-macos-arm64 | 0.3.4 | 1.00 | 14.00 | 15.00 | OK | |
r-release-macos-x86_64 | 0.3.4 | 1.00 | 22.00 | 23.00 | OK | |
r-release-windows-x86_64 | 0.3.4 | 4.00 | 39.00 | 43.00 | OK | |
r-oldrel-macos-arm64 | 0.3.4 | 1.00 | 13.00 | 14.00 | OK | |
r-oldrel-macos-x86_64 | 0.3.4 | 1.00 | 20.00 | 21.00 | OK | |
r-oldrel-windows-x86_64 | 0.3.4 | 5.00 | 42.00 | 47.00 | OK |
Version: 0.3.4
Check: HTML version of manual
Result: NOTE
Found the following HTML validation problems:
svgPanZoom-shiny.html:66:1 (svgPanZoom-shiny.Rd:24): Warning: missing </ul> before </div>
Flavor: r-devel-linux-x86_64-debian-clang
These binaries (installable software) and packages are in development.
They may not be fully stable and should be used with caution. We make no claims about them.