Last updated on 2025-10-23 21:51:43 CEST.
Flavor | Version | Tinstall | Tcheck | Ttotal | Status | Flags |
---|---|---|---|---|---|---|
r-devel-linux-x86_64-debian-clang | 0.970 | 4.75 | 43.05 | 47.80 | NOTE | |
r-devel-linux-x86_64-debian-gcc | 0.970 | 3.44 | 32.17 | 35.61 | NOTE | |
r-devel-linux-x86_64-fedora-clang | 0.970 | 21.00 | 51.80 | 72.80 | OK | |
r-devel-linux-x86_64-fedora-gcc | 0.970 | 10.00 | 58.67 | 68.67 | OK | |
r-devel-windows-x86_64 | 0.970 | 5.00 | 56.00 | 61.00 | OK | |
r-patched-linux-x86_64 | 0.970 | 4.53 | 40.86 | 45.39 | OK | |
r-release-linux-x86_64 | 0.970 | 4.52 | 40.48 | 45.00 | OK | |
r-release-macos-arm64 | 0.970 | 2.00 | 23.00 | 25.00 | OK | |
r-release-macos-x86_64 | 0.970 | 5.00 | 38.00 | 43.00 | OK | |
r-release-windows-x86_64 | 0.970 | 5.00 | 61.00 | 66.00 | OK | |
r-oldrel-macos-arm64 | 0.970 | 2.00 | 21.00 | 23.00 | OK | |
r-oldrel-macos-x86_64 | 0.970 | 4.00 | 32.00 | 36.00 | OK | |
r-oldrel-windows-x86_64 | 0.970 | 5.00 | 56.00 | 61.00 | OK |
Version: 0.970
Check: CRAN incoming feasibility
Result: NOTE
Maintainer: ‘Trevor Hastie <hastie@stanford.edu>’
No Authors@R field in DESCRIPTION.
Please add one, modifying
Authors@R: person(given = "Trevor",
family = "Hastie",
role = c("aut", "cre"),
email = "hastie@stanford.edu")
as necessary.
Flavors: r-devel-linux-x86_64-debian-clang, r-devel-linux-x86_64-debian-gcc
These binaries (installable software) and packages are in development.
They may not be fully stable and should be used with caution. We make no claims about them.