Last updated on 2024-05-04 01:49:01 CEST.
Flavor | Version | Tinstall | Tcheck | Ttotal | Status | Flags |
---|---|---|---|---|---|---|
r-devel-linux-x86_64-debian-clang | 0.2.5 | 17.29 | 297.50 | 314.79 | OK | |
r-devel-linux-x86_64-fedora-clang | 0.2.5 | 390.28 | NOTE | |||
r-devel-linux-x86_64-fedora-gcc | 0.2.5 | 392.39 | NOTE | |||
r-devel-windows-x86_64 | 0.2.5 | 17.00 | 203.00 | 220.00 | OK | |
r-patched-linux-x86_64 | 0.2.5 | 19.93 | 281.35 | 301.28 | OK | |
r-release-linux-x86_64 | 0.2.5 | 16.12 | 283.92 | 300.04 | OK | |
r-release-macos-arm64 | 0.2.5 | 101.00 | OK | |||
r-release-windows-x86_64 | 0.2.5 | 17.00 | 201.00 | 218.00 | OK | |
r-oldrel-macos-arm64 | 0.2.5 | 93.00 | OK | |||
r-oldrel-macos-x86_64 | 0.2.5 | 250.00 | OK | |||
r-oldrel-windows-x86_64 | 0.2.5 | 22.00 | 257.00 | 279.00 | OK |
Version: 0.2.5
Check: dependencies in R code
Result: NOTE
Namespaces in Imports field not imported from:
‘lubridate’ ‘tidyquant’ ‘tidyr’ ‘tidyverse’
All declared Imports should be used.
Flavors: r-devel-linux-x86_64-fedora-clang, r-devel-linux-x86_64-fedora-gcc
These binaries (installable software) and packages are in development.
They may not be fully stable and should be used with caution. We make no claims about them.