Last updated on 2024-05-04 01:49:01 CEST.
Flavor | Version | Tinstall | Tcheck | Ttotal | Status | Flags |
---|---|---|---|---|---|---|
r-devel-linux-x86_64-debian-clang | 0.2.3 | 246.54 | 41.20 | 287.74 | OK | |
r-devel-linux-x86_64-fedora-clang | 0.2.3 | 460.13 | OK | |||
r-devel-linux-x86_64-fedora-gcc | 0.2.3 | 417.76 | OK | |||
r-devel-windows-x86_64 | 0.2.3 | 183.00 | 73.00 | 256.00 | OK | |
r-patched-linux-x86_64 | 0.2.3 | 232.72 | 38.99 | 271.71 | OK | |
r-release-linux-x86_64 | 0.2.3 | 221.72 | 39.98 | 261.70 | OK | |
r-release-macos-arm64 | 0.2.3 | 69.00 | OK | |||
r-release-windows-x86_64 | 0.2.3 | 179.00 | 74.00 | 253.00 | OK | |
r-oldrel-macos-arm64 | 0.2.3 | 88.00 | NOTE | |||
r-oldrel-macos-x86_64 | 0.2.3 | 152.00 | OK | |||
r-oldrel-windows-x86_64 | 0.2.3 | 223.00 | 99.00 | 322.00 | OK |
Version: 0.2.3
Check: installed package size
Result: NOTE
installed size is 5.0Mb
sub-directories of 1Mb or more:
libs 4.9Mb
Flavor: r-oldrel-macos-arm64
These binaries (installable software) and packages are in development.
They may not be fully stable and should be used with caution. We make no claims about them.