CRAN Package Check Results for Package symmoments

Last updated on 2025-10-23 21:51:43 CEST.

Flavor Version Tinstall Tcheck Ttotal Status Flags
r-devel-linux-x86_64-debian-clang 1.2.1 4.11 47.89 52.00 NOTE
r-devel-linux-x86_64-debian-gcc 1.2.1 3.10 35.94 39.04 NOTE
r-devel-linux-x86_64-fedora-clang 1.2.1 22.00 58.55 80.55 OK
r-devel-linux-x86_64-fedora-gcc 1.2.1 83.95 OK
r-devel-windows-x86_64 1.2.1 5.00 76.00 81.00 OK
r-patched-linux-x86_64 1.2.1 4.36 46.28 50.64 OK
r-release-linux-x86_64 1.2.1 3.21 46.23 49.44 OK
r-release-macos-arm64 1.2.1 2.00 41.00 43.00 OK
r-release-macos-x86_64 1.2.1 4.00 60.00 64.00 OK
r-release-windows-x86_64 1.2.1 5.00 79.00 84.00 OK
r-oldrel-macos-arm64 1.2.1 2.00 30.00 32.00 OK
r-oldrel-macos-x86_64 1.2.1 3.00 47.00 50.00 OK
r-oldrel-windows-x86_64 1.2.1 7.00 87.00 94.00 OK

Check Details

Version: 1.2.1
Check: CRAN incoming feasibility
Result: NOTE Maintainer: ‘Kem Phillips <kemphillips@comcast.net>’ No Authors@R field in DESCRIPTION. Please add one, modifying Authors@R: person(given = "Kem", family = "Phillips", role = c("aut", "cre"), email = "kemphillips@comcast.net") as necessary. Flavors: r-devel-linux-x86_64-debian-clang, r-devel-linux-x86_64-debian-gcc

These binaries (installable software) and packages are in development.
They may not be fully stable and should be used with caution. We make no claims about them.