Last updated on 2024-05-04 01:49:01 CEST.
Flavor | Version | Tinstall | Tcheck | Ttotal | Status | Flags |
---|---|---|---|---|---|---|
r-devel-linux-x86_64-debian-clang | 3.4.2 | 3.24 | 26.01 | 29.25 | OK | |
r-devel-linux-x86_64-fedora-clang | 3.4.2 | 37.49 | OK | |||
r-devel-linux-x86_64-fedora-gcc | 3.4.2 | 35.90 | OK | |||
r-devel-windows-x86_64 | 3.4.2 | 10.00 | 54.00 | 64.00 | NOTE | |
r-patched-linux-x86_64 | 3.4.2 | 2.77 | 26.06 | 28.83 | OK | |
r-release-linux-x86_64 | 3.4.2 | 2.88 | 25.58 | 28.46 | OK | |
r-release-macos-arm64 | 3.4.2 | 26.00 | OK | |||
r-release-windows-x86_64 | 3.4.2 | 8.00 | 54.00 | 62.00 | NOTE | |
r-oldrel-macos-arm64 | 3.4.2 | 36.00 | OK | |||
r-oldrel-macos-x86_64 | 3.4.2 | 53.00 | OK | |||
r-oldrel-windows-x86_64 | 3.4.2 | 9.00 | 68.00 | 77.00 | NOTE |
Version: 3.4.2
Check: package dependencies
Result: NOTE
Package suggested but not available for checking: 'unix'
Flavors: r-devel-windows-x86_64, r-release-windows-x86_64, r-oldrel-windows-x86_64
These binaries (installable software) and packages are in development.
They may not be fully stable and should be used with caution. We make no claims about them.