Last updated on 2025-10-25 01:51:18 CEST.
| Flavor | Version | Tinstall | Tcheck | Ttotal | Status | Flags |
|---|---|---|---|---|---|---|
| r-devel-linux-x86_64-debian-clang | 0.5.0 | 7.07 | 68.97 | 76.04 | NOTE | |
| r-devel-linux-x86_64-debian-gcc | 0.5.0 | 5.53 | 50.53 | 56.06 | NOTE | |
| r-devel-linux-x86_64-fedora-clang | 0.5.0 | 38.00 | 84.72 | 122.72 | OK | |
| r-devel-linux-x86_64-fedora-gcc | 0.5.0 | 15.00 | 97.59 | 112.59 | OK | |
| r-devel-windows-x86_64 | 0.5.0 | 9.00 | 84.00 | 93.00 | OK | |
| r-patched-linux-x86_64 | 0.5.0 | 8.25 | 65.86 | 74.11 | OK | |
| r-release-linux-x86_64 | 0.5.0 | 7.18 | 65.21 | 72.39 | OK | |
| r-release-macos-arm64 | 0.5.0 | 4.00 | 34.00 | 38.00 | OK | |
| r-release-macos-x86_64 | 0.5.0 | 7.00 | 57.00 | 64.00 | OK | |
| r-release-windows-x86_64 | 0.5.0 | 10.00 | 87.00 | 97.00 | OK | |
| r-oldrel-macos-arm64 | 0.5.0 | 4.00 | 31.00 | 35.00 | OK | |
| r-oldrel-macos-x86_64 | 0.5.0 | 11.00 | 103.00 | 114.00 | OK | |
| r-oldrel-windows-x86_64 | 0.5.0 | 11.00 | 105.00 | 116.00 | OK |
Version: 0.5.0
Check: CRAN incoming feasibility
Result: NOTE
Maintainer: ‘Stéphane Laurent <laurent_step@outlook.fr>’
No Authors@R field in DESCRIPTION.
Please add one, modifying
Authors@R: person(given = "Stéphane",
family = "Laurent",
role = c("aut", "cre"),
email = "laurent_step@outlook.fr")
as necessary.
Flavors: r-devel-linux-x86_64-debian-clang, r-devel-linux-x86_64-debian-gcc
These binaries (installable software) and packages are in development.
They may not be fully stable and should be used with caution. We make no claims about them.