Last updated on 2024-05-04 01:49:02 CEST.
Flavor | Version | Tinstall | Tcheck | Ttotal | Status | Flags |
---|---|---|---|---|---|---|
r-devel-linux-x86_64-debian-clang | 0.3.2 | 20.19 | 147.60 | 167.79 | OK | |
r-devel-linux-x86_64-fedora-clang | 0.3.2 | 202.80 | NOTE | |||
r-devel-linux-x86_64-fedora-gcc | 0.3.2 | 207.29 | OK | |||
r-devel-windows-x86_64 | 0.3.2 | 17.00 | 114.00 | 131.00 | OK | |
r-patched-linux-x86_64 | 0.3.2 | 17.15 | 139.71 | 156.86 | OK | |
r-release-linux-x86_64 | 0.3.2 | 12.93 | 137.55 | 150.48 | OK | |
r-release-macos-arm64 | 0.3.2 | 61.00 | OK | |||
r-release-windows-x86_64 | 0.3.2 | 18.00 | 114.00 | 132.00 | OK | |
r-oldrel-macos-arm64 | 0.3.2 | 46.00 | OK | |||
r-oldrel-macos-x86_64 | 0.3.2 | 68.00 | OK | |||
r-oldrel-windows-x86_64 | 0.3.2 | 22.00 | 142.00 | 164.00 | OK |
Version: 0.3.2
Check: package dependencies
Result: NOTE
Imports includes 22 non-default packages.
Importing from so many packages makes the package vulnerable to any of
them becoming unavailable. Move as many as possible to Suggests and
use conditionally.
Flavor: r-devel-linux-x86_64-fedora-clang
These binaries (installable software) and packages are in development.
They may not be fully stable and should be used with caution. We make no claims about them.