Last updated on 2024-05-04 01:49:01 CEST.
Flavor | Version | Tinstall | Tcheck | Ttotal | Status | Flags |
---|---|---|---|---|---|---|
r-devel-linux-x86_64-debian-clang | 0.1.0 | 5.91 | 63.21 | 69.12 | OK | |
r-devel-linux-x86_64-fedora-clang | 0.1.0 | 87.02 | NOTE | |||
r-devel-linux-x86_64-fedora-gcc | 0.1.0 | 95.11 | NOTE | |||
r-devel-windows-x86_64 | 0.1.0 | 8.00 | 72.00 | 80.00 | OK | |
r-patched-linux-x86_64 | 0.1.0 | 4.51 | 58.31 | 62.82 | OK | |
r-release-linux-x86_64 | 0.1.0 | 5.96 | 58.11 | 64.07 | OK | |
r-release-macos-arm64 | 0.1.0 | 34.00 | OK | |||
r-release-windows-x86_64 | 0.1.0 | 6.00 | 67.00 | 73.00 | OK | |
r-oldrel-macos-arm64 | 0.1.0 | 32.00 | OK | |||
r-oldrel-macos-x86_64 | 0.1.0 | 55.00 | OK | |||
r-oldrel-windows-x86_64 | 0.1.0 | 8.00 | 73.00 | 81.00 | OK |
Version: 0.1.0
Check: data for non-ASCII characters
Result: NOTE
Note: found 81 marked UTF-8 strings
Flavors: r-devel-linux-x86_64-fedora-clang, r-devel-linux-x86_64-fedora-gcc
These binaries (installable software) and packages are in development.
They may not be fully stable and should be used with caution. We make no claims about them.