Last updated on 2024-05-04 01:49:01 CEST.
Flavor | Version | Tinstall | Tcheck | Ttotal | Status | Flags |
---|---|---|---|---|---|---|
r-devel-linux-x86_64-debian-clang | 0.5 | 265.90 | 212.44 | 478.34 | OK | |
r-devel-linux-x86_64-fedora-clang | 0.5 | 704.89 | OK | |||
r-devel-linux-x86_64-fedora-gcc | 0.5 | 714.60 | OK | |||
r-devel-windows-x86_64 | 0.5 | 206.00 | 188.00 | 394.00 | OK | |
r-patched-linux-x86_64 | 0.5 | 201.18 | 205.19 | 406.37 | OK | |
r-release-linux-x86_64 | 0.5 | 208.51 | 204.90 | 413.41 | OK | |
r-release-macos-arm64 | 0.5 | 133.00 | NOTE | |||
r-release-macos-x86_64 | 0.5 | 252.00 | NOTE | |||
r-release-windows-x86_64 | 0.5 | 208.00 | 186.00 | 394.00 | OK | |
r-oldrel-macos-arm64 | 0.5 | 137.00 | NOTE | |||
r-oldrel-macos-x86_64 | 0.5 | 265.00 | NOTE | |||
r-oldrel-windows-x86_64 | 0.5 | 263.00 | 233.00 | 496.00 | OK |
Version: 0.5
Check: installed package size
Result: NOTE
installed size is 15.0Mb
sub-directories of 1Mb or more:
doc 1.1Mb
libs 13.3Mb
Flavors: r-release-macos-arm64, r-release-macos-x86_64, r-oldrel-macos-arm64, r-oldrel-macos-x86_64
These binaries (installable software) and packages are in development.
They may not be fully stable and should be used with caution. We make no claims about them.