Last updated on 2024-05-04 01:49:01 CEST.
Flavor | Version | Tinstall | Tcheck | Ttotal | Status | Flags |
---|---|---|---|---|---|---|
r-devel-linux-x86_64-debian-clang | 0.2.4 | 11.99 | 85.55 | 97.54 | OK | |
r-devel-linux-x86_64-fedora-clang | 0.2.4 | 120.40 | NOTE | |||
r-devel-linux-x86_64-fedora-gcc | 0.2.4 | 127.39 | NOTE | |||
r-devel-windows-x86_64 | 0.2.4 | 10.00 | 86.00 | 96.00 | OK | |
r-patched-linux-x86_64 | 0.2.4 | 12.29 | 79.96 | 92.25 | OK | |
r-release-linux-x86_64 | 0.2.4 | 7.65 | 80.23 | 87.88 | OK | |
r-release-macos-arm64 | 0.2.4 | 41.00 | OK | |||
r-release-windows-x86_64 | 0.2.4 | 10.00 | 86.00 | 96.00 | OK | |
r-oldrel-macos-arm64 | 0.2.4 | 44.00 | OK | |||
r-oldrel-macos-x86_64 | 0.2.4 | 71.00 | OK | |||
r-oldrel-windows-x86_64 | 0.2.4 | 13.00 | 96.00 | 109.00 | OK |
Version: 0.2.4
Check: data for non-ASCII characters
Result: NOTE
Note: found 137 marked UTF-8 strings
Flavors: r-devel-linux-x86_64-fedora-clang, r-devel-linux-x86_64-fedora-gcc
These binaries (installable software) and packages are in development.
They may not be fully stable and should be used with caution. We make no claims about them.