Last updated on 2025-10-23 11:50:30 CEST.
Flavor | Version | Tinstall | Tcheck | Ttotal | Status | Flags |
---|---|---|---|---|---|---|
r-devel-linux-x86_64-debian-clang | 2.20.0 | 9.48 | 74.46 | 83.94 | NOTE | |
r-devel-linux-x86_64-debian-gcc | 2.20.0 | 7.09 | 55.25 | 62.34 | OK | |
r-devel-linux-x86_64-fedora-clang | 2.20.0 | 44.00 | 90.70 | 134.70 | OK | |
r-devel-linux-x86_64-fedora-gcc | 2.20.0 | 19.00 | 103.73 | 122.73 | OK | |
r-devel-windows-x86_64 | 2.20.0 | 11.00 | 83.00 | 94.00 | OK | |
r-patched-linux-x86_64 | 2.20.0 | 9.46 | 71.44 | 80.90 | OK | |
r-release-linux-x86_64 | 2.20.0 | 9.36 | 71.43 | 80.79 | OK | |
r-release-macos-arm64 | 2.20.0 | 5.00 | 32.00 | 37.00 | OK | |
r-release-macos-x86_64 | 2.20.0 | 8.00 | 67.00 | 75.00 | OK | |
r-release-windows-x86_64 | 2.20.0 | 10.00 | 85.00 | 95.00 | OK | |
r-oldrel-macos-arm64 | 2.20.0 | 4.00 | 38.00 | 42.00 | OK | |
r-oldrel-macos-x86_64 | 2.20.0 | 11.00 | 73.00 | 84.00 | OK | |
r-oldrel-windows-x86_64 | 2.20.0 | 13.00 | 103.00 | 116.00 | OK |
Version: 2.20.0
Check: HTML version of manual
Result: NOTE
Found the following HTML validation problems:
parse_arguments.html:50:1 (parse_arguments.Rd:12): Warning: missing </ul> before </div>
train.html:53:1 (train.Rd:14): Warning: missing </ul> before </div>
train_and_evaluate.html:53:1 (train_and_evaluate.Rd:14): Warning: missing </ul> before </div>
Flavor: r-devel-linux-x86_64-debian-clang
These binaries (installable software) and packages are in development.
They may not be fully stable and should be used with caution. We make no claims about them.