Last updated on 2024-05-04 01:49:01 CEST.
Flavor | Version | Tinstall | Tcheck | Ttotal | Status | Flags |
---|---|---|---|---|---|---|
r-devel-linux-x86_64-debian-clang | 5.2.1 | 23.63 | 102.37 | 126.00 | OK | |
r-devel-linux-x86_64-fedora-gcc | 5.2.1 | 204.11 | OK | |||
r-devel-windows-x86_64 | 5.2.1 | 49.00 | 144.00 | 193.00 | NOTE | |
r-patched-linux-x86_64 | 5.2.1 | 26.32 | 113.19 | 139.51 | OK | |
r-release-linux-x86_64 | 5.2.1 | 24.59 | 123.39 | 147.98 | OK | |
r-release-macos-arm64 | 5.2.1 | 64.00 | NOTE | |||
r-release-windows-x86_64 | 5.2.1 | 47.00 | 154.00 | 201.00 | NOTE | |
r-oldrel-macos-arm64 | 5.2.1 | 65.00 | NOTE | |||
r-oldrel-macos-x86_64 | 5.2.1 | 169.00 | NOTE | |||
r-oldrel-windows-x86_64 | 5.2.1 | 55.00 | 167.00 | 222.00 | NOTE |
Version: 5.2.1
Check: installed package size
Result: NOTE
installed size is 23.3Mb
sub-directories of 1Mb or more:
doc 1.1Mb
libs 8.1Mb
tessdata 14.0Mb
Flavors: r-devel-windows-x86_64, r-release-macos-arm64, r-release-windows-x86_64, r-oldrel-macos-arm64, r-oldrel-macos-x86_64, r-oldrel-windows-x86_64
These binaries (installable software) and packages are in development.
They may not be fully stable and should be used with caution. We make no claims about them.