Last updated on 2024-05-04 01:49:01 CEST.
Flavor | Version | Tinstall | Tcheck | Ttotal | Status | Flags |
---|---|---|---|---|---|---|
r-devel-linux-x86_64-debian-clang | 1.3.0 | 4.23 | 48.83 | 53.06 | NOTE | |
r-devel-linux-x86_64-fedora-clang | 1.3.0 | 70.06 | NOTE | |||
r-devel-linux-x86_64-fedora-gcc | 1.3.0 | 82.18 | NOTE | |||
r-devel-windows-x86_64 | 1.3.0 | 7.00 | 64.00 | 71.00 | NOTE | |
r-patched-linux-x86_64 | 1.3.0 | 5.40 | 46.12 | 51.52 | NOTE | |
r-release-linux-x86_64 | 1.3.0 | 5.31 | 46.80 | 52.11 | NOTE | |
r-release-macos-arm64 | 1.3.0 | 29.00 | NOTE | |||
r-release-windows-x86_64 | 1.3.0 | 7.00 | 65.00 | 72.00 | NOTE | |
r-oldrel-macos-arm64 | 1.3.0 | 33.00 | OK | |||
r-oldrel-macos-x86_64 | 1.3.0 | 69.00 | OK | |||
r-oldrel-windows-x86_64 | 1.3.0 | 9.00 | 65.00 | 74.00 | OK |
Version: 1.3.0
Check: Rd files
Result: NOTE
checkRd: (-1) patch_table_env.Rd:25: Lost braces
25 | \\renewcommand{\\multicolumnx}[3]{\\multicolumn{#1}{c}{#3}}
| ^
checkRd: (-1) patch_table_env.Rd:25: Lost braces
25 | \\renewcommand{\\multicolumnx}[3]{\\multicolumn{#1}{c}{#3}}
| ^
checkRd: (-1) patch_table_env.Rd:25: Lost braces
25 | \\renewcommand{\\multicolumnx}[3]{\\multicolumn{#1}{c}{#3}}
| ^
checkRd: (-1) patch_table_env.Rd:25: Lost braces
25 | \\renewcommand{\\multicolumnx}[3]{\\multicolumn{#1}{c}{#3}}
| ^
checkRd: (-1) patch_table_env.Rd:25: Lost braces
25 | \\renewcommand{\\multicolumnx}[3]{\\multicolumn{#1}{c}{#3}}
| ^
Flavors: r-devel-linux-x86_64-debian-clang, r-devel-linux-x86_64-fedora-clang, r-devel-linux-x86_64-fedora-gcc, r-devel-windows-x86_64, r-patched-linux-x86_64, r-release-linux-x86_64, r-release-macos-arm64, r-release-windows-x86_64
These binaries (installable software) and packages are in development.
They may not be fully stable and should be used with caution. We make no claims about them.