Last updated on 2024-05-04 01:49:01 CEST.
Flavor | Version | Tinstall | Tcheck | Ttotal | Status | Flags |
---|---|---|---|---|---|---|
r-devel-linux-x86_64-debian-clang | 0.6.4 | 72.16 | 183.36 | 255.52 | OK | |
r-devel-linux-x86_64-fedora-clang | 0.6.4 | 358.02 | NOTE | |||
r-devel-linux-x86_64-fedora-gcc | 0.6.4 | 448.64 | OK | |||
r-devel-windows-x86_64 | 0.6.4 | 63.00 | 166.00 | 229.00 | OK | |
r-patched-linux-x86_64 | 0.6.4 | 81.71 | 185.61 | 267.32 | OK | |
r-release-linux-x86_64 | 0.6.4 | 73.64 | 184.84 | 258.48 | OK | |
r-release-macos-arm64 | 0.6.4 | 107.00 | NOTE | |||
r-release-windows-x86_64 | 0.6.4 | 64.00 | 176.00 | 240.00 | OK | |
r-oldrel-macos-arm64 | 0.6.4 | 121.00 | NOTE | |||
r-oldrel-macos-x86_64 | 0.6.4 | 218.00 | NOTE | |||
r-oldrel-windows-x86_64 | 0.6.4 | 76.00 | 250.00 | 326.00 | OK |
Version: 0.6.4
Check: whether startup messages can be suppressed
Result: NOTE
OMP: Warning #96: Cannot form a team with 24 threads, using 2 instead.
OMP: Hint Consider unsetting KMP_DEVICE_THREAD_LIMIT (KMP_ALL_THREADS), KMP_TEAMS_THREAD_LIMIT, and OMP_THREAD_LIMIT (if any are set).
It looks like this package (or a package it requires) has a startup
message which cannot be suppressed: see ?packageStartupMessage.
Flavor: r-devel-linux-x86_64-fedora-clang
Version: 0.6.4
Check: installed package size
Result: NOTE
installed size is 7.6Mb
sub-directories of 1Mb or more:
data 2.7Mb
libs 4.0Mb
Flavors: r-release-macos-arm64, r-oldrel-macos-arm64, r-oldrel-macos-x86_64
These binaries (installable software) and packages are in development.
They may not be fully stable and should be used with caution. We make no claims about them.