Last updated on 2024-05-04 01:49:01 CEST.
Flavor | Version | Tinstall | Tcheck | Ttotal | Status | Flags |
---|---|---|---|---|---|---|
r-devel-linux-x86_64-debian-clang | 0.1.0 | 14.24 | 42.81 | 57.05 | NOTE | |
r-devel-linux-x86_64-fedora-clang | 0.1.0 | 77.19 | NOTE | |||
r-devel-linux-x86_64-fedora-gcc | 0.1.0 | 76.22 | NOTE | |||
r-devel-windows-x86_64 | 0.1.0 | 16.00 | 62.00 | 78.00 | NOTE | |
r-patched-linux-x86_64 | 0.1.0 | 14.96 | 43.11 | 58.07 | NOTE | |
r-release-linux-x86_64 | 0.1.0 | 12.90 | 42.40 | 55.30 | NOTE | |
r-release-macos-arm64 | 0.1.0 | 30.00 | NOTE | |||
r-release-windows-x86_64 | 0.1.0 | 16.00 | 61.00 | 77.00 | NOTE | |
r-oldrel-macos-arm64 | 0.1.0 | 32.00 | NOTE | |||
r-oldrel-macos-x86_64 | 0.1.0 | 45.00 | NOTE | |||
r-oldrel-windows-x86_64 | 0.1.0 | 13.00 | 67.00 | 80.00 | NOTE |
Version: 0.1.0
Check: LazyData
Result: NOTE
'LazyData' is specified without a 'data' directory
Flavors: r-devel-linux-x86_64-debian-clang, r-devel-linux-x86_64-fedora-clang, r-devel-linux-x86_64-fedora-gcc, r-devel-windows-x86_64, r-patched-linux-x86_64, r-release-linux-x86_64, r-release-macos-arm64, r-release-windows-x86_64, r-oldrel-macos-arm64, r-oldrel-macos-x86_64, r-oldrel-windows-x86_64
These binaries (installable software) and packages are in development.
They may not be fully stable and should be used with caution. We make no claims about them.