Last updated on 2024-05-04 01:49:01 CEST.
Flavor | Version | Tinstall | Tcheck | Ttotal | Status | Flags |
---|---|---|---|---|---|---|
r-devel-linux-x86_64-debian-clang | 0.2.2 | 8.45 | 172.32 | 180.77 | OK | |
r-devel-linux-x86_64-fedora-clang | 0.2.2 | 249.32 | OK | |||
r-devel-linux-x86_64-fedora-gcc | 0.2.2 | 277.86 | OK | |||
r-devel-windows-x86_64 | 0.2.2 | 7.00 | 170.00 | 177.00 | OK | |
r-patched-linux-x86_64 | 0.2.2 | 7.63 | 215.45 | 223.08 | OK | |
r-release-linux-x86_64 | 0.2.2 | 5.70 | 211.63 | 217.33 | OK | |
r-release-macos-arm64 | 0.2.2 | 80.00 | OK | |||
r-release-windows-x86_64 | 0.2.2 | 7.00 | 94.00 | 101.00 | ERROR | |
r-oldrel-macos-arm64 | 0.2.2 | 83.00 | OK | |||
r-oldrel-macos-x86_64 | 0.2.2 | 133.00 | OK | |||
r-oldrel-windows-x86_64 | 0.2.2 | 9.00 | 196.00 | 205.00 | OK |
Version: 0.2.2
Check: re-building of vignette outputs
Result: ERROR
Error(s) in re-building vignettes:
--- re-building 'textplot-examples.Rnw' using knitr
Attaching package: 'igraph'
The following objects are masked from 'package:stats':
decompose, spectrum
The following object is masked from 'package:base':
union
trying URL 'https://raw.githubusercontent.com/jwijffels/udpipe.models.ud.2.5/master/inst/udpipe-ud-2.5-191206/english-ewt-ud-2.5-191206.udpipe'
Quitting from lines at lines 53-62 [unnamed-chunk-1] (textplot-examples.Rnw)
Error: processing vignette 'textplot-examples.Rnw' failed with diagnostics:
File D:/RCompile/CRANpkg/local/4.4/textplot.Rcheck/vign_test/textplot/vignettes/english-ewt-ud-2.5-191206.udpipe containing the language model does not exist
--- failed re-building 'textplot-examples.Rnw'
SUMMARY: processing the following file failed:
'textplot-examples.Rnw'
Error: Vignette re-building failed.
Execution halted
Flavor: r-release-windows-x86_64
These binaries (installable software) and packages are in development.
They may not be fully stable and should be used with caution. We make no claims about them.