Last updated on 2024-05-04 01:49:01 CEST.
Flavor | Version | Tinstall | Tcheck | Ttotal | Status | Flags |
---|---|---|---|---|---|---|
r-devel-linux-x86_64-debian-clang | 1.7.5 | 5.10 | 42.81 | 47.91 | OK | |
r-devel-linux-x86_64-fedora-clang | 1.7.5 | 58.98 | NOTE | |||
r-devel-linux-x86_64-fedora-gcc | 1.7.5 | 56.73 | OK | |||
r-devel-windows-x86_64 | 1.7.5 | 6.00 | 58.00 | 64.00 | OK | |
r-patched-linux-x86_64 | 1.7.5 | 4.50 | 39.31 | 43.81 | OK | |
r-release-linux-x86_64 | 1.7.5 | 3.62 | 40.01 | 43.63 | OK | |
r-release-macos-arm64 | 1.7.5 | 20.00 | OK | |||
r-release-macos-x86_64 | 1.7.5 | 69.00 | OK | |||
r-release-windows-x86_64 | 1.7.5 | 5.00 | 58.00 | 63.00 | OK | |
r-oldrel-macos-arm64 | 1.7.5 | 38.00 | OK | |||
r-oldrel-macos-x86_64 | 1.7.5 | 72.00 | OK | |||
r-oldrel-windows-x86_64 | 1.7.5 | 4.00 | 63.00 | 67.00 | OK |
Version: 1.7.5
Check: Rd cross-references
Result: NOTE
Undeclared package ‘tm’ in Rd xrefs
Flavor: r-devel-linux-x86_64-fedora-clang
These binaries (installable software) and packages are in development.
They may not be fully stable and should be used with caution. We make no claims about them.