Last updated on 2024-05-04 01:49:01 CEST.
Flavor | Version | Tinstall | Tcheck | Ttotal | Status | Flags |
---|---|---|---|---|---|---|
r-devel-linux-x86_64-debian-clang | 0.3.2 | 221.64 | 81.42 | 303.06 | NOTE | |
r-devel-linux-x86_64-fedora-clang | 0.3.2 | 468.28 | NOTE | |||
r-devel-linux-x86_64-fedora-gcc | 0.3.2 | 491.15 | NOTE | |||
r-devel-windows-x86_64 | 0.3.2 | 176.00 | 116.00 | 292.00 | NOTE | |
r-patched-linux-x86_64 | 0.3.2 | 231.33 | 74.45 | 305.78 | NOTE | |
r-release-linux-x86_64 | 0.3.2 | 219.26 | 75.63 | 294.89 | NOTE | |
r-release-macos-arm64 | 0.3.2 | 76.00 | NOTE | |||
r-release-windows-x86_64 | 0.3.2 | 177.00 | 116.00 | 293.00 | NOTE | |
r-oldrel-macos-arm64 | 0.3.2 | 94.00 | NOTE | |||
r-oldrel-macos-x86_64 | 0.3.2 | 178.00 | NOTE | |||
r-oldrel-windows-x86_64 | 0.3.2 | 215.00 | 130.00 | 345.00 | NOTE |
Version: 0.3.2
Check: C++ specification
Result: NOTE
Specified C++11: please drop specification unless essential
Flavors: r-devel-linux-x86_64-debian-clang, r-devel-linux-x86_64-fedora-clang, r-devel-linux-x86_64-fedora-gcc, r-devel-windows-x86_64, r-patched-linux-x86_64, r-release-linux-x86_64, r-release-macos-arm64, r-release-windows-x86_64, r-oldrel-macos-arm64, r-oldrel-macos-x86_64, r-oldrel-windows-x86_64
Version: 0.3.2
Check: installed package size
Result: NOTE
installed size is 6.9Mb
sub-directories of 1Mb or more:
libs 6.1Mb
Flavors: r-release-macos-arm64, r-oldrel-macos-arm64, r-oldrel-macos-x86_64
These binaries (installable software) and packages are in development.
They may not be fully stable and should be used with caution. We make no claims about them.