Last updated on 2024-05-04 01:49:01 CEST.
Flavor | Version | Tinstall | Tcheck | Ttotal | Status | Flags |
---|---|---|---|---|---|---|
r-devel-linux-x86_64-debian-clang | 1.6.3 | 19.42 | 106.20 | 125.62 | OK | |
r-devel-linux-x86_64-fedora-clang | 1.6.3 | 161.07 | NOTE | |||
r-devel-linux-x86_64-fedora-gcc | 1.6.3 | 147.99 | NOTE | |||
r-devel-windows-x86_64 | 1.6.3 | 16.00 | 92.00 | 108.00 | OK | |
r-patched-linux-x86_64 | 1.6.3 | 14.20 | 101.69 | 115.89 | OK | |
r-release-linux-x86_64 | 1.6.3 | 15.20 | 101.56 | 116.76 | OK | |
r-release-macos-arm64 | 1.6.3 | 45.00 | OK | |||
r-release-macos-x86_64 | 1.6.3 | 108.00 | OK | |||
r-release-windows-x86_64 | 1.6.3 | 16.00 | 92.00 | 108.00 | OK | |
r-oldrel-macos-arm64 | 1.6.3 | 47.00 | OK | |||
r-oldrel-macos-x86_64 | 1.6.3 | 122.00 | OK | |||
r-oldrel-windows-x86_64 | 1.6.3 | 20.00 | 110.00 | 130.00 | OK |
Version: 1.6.3
Check: data for non-ASCII characters
Result: NOTE
Note: found 2 marked UTF-8 strings
Flavors: r-devel-linux-x86_64-fedora-clang, r-devel-linux-x86_64-fedora-gcc
These binaries (installable software) and packages are in development.
They may not be fully stable and should be used with caution. We make no claims about them.